c + 2*l + l, 0 = -c + l + 327. Suppose k = c - 146. Calculate the highest common divisor of 33 and k.
11
Suppose -9*d + 26 - 8 = 0. Let q be (-4 + 30/9)/(d/(-6)). Calculate the highest common factor of q and 7.
1
Let p(s) = s**3 + 61*s**2 - 163*s - 376. Let o be p(-63). What is the greatest common factor of 17 and o?
17
Suppose -3*k = -7*k + 1216. Suppose 106*o - 5*v + 66 = 108*o, 5*o + 7*v = 176. What is the highest common factor of k and o?
38
Let z be (160/200)/((-9)/(-8505)). What is the highest common divisor of z and 826?
14
Suppose -29*k - 283 + 2043 = 59*k. Calculate the highest common divisor of 4110 and k.
10
Suppose 0 = -4*z - 5*q - 63 + 248, 0 = -3*z + q + 134. Calculate the greatest common divisor of z and 7305.
15
Suppose 30 - 28 = 2*f, 2*f = -5*m + 222. Let l(a) = a**3 - 4*a**2 - a. Let t be l(5). Calculate the highest common divisor of m and t.
4
Let s = -6 + 8. Suppose -57*o - 3208416 = -3208530. What is the greatest common divisor of o and s?
2
Let y = 29 - -41. Let g be 6800/18 - (6 + 336/(-54)). Let l = g - 350. Calculate the greatest common factor of l and y.
14
Let l be (-8)/(-44) - 1176/(-66). Let n be (5/(-45))/((-2)/l). What is the greatest common factor of 2 and n?
1
Suppose 17*x = 21*x - 456. Let u be -36*(19/x)/((-2)/8). What is the highest common factor of 24 and u?
24
Suppose -339 = -f + 46. Suppose 99*t - f = 104*t. Let x = t + 78. Calculate the greatest common factor of x and 17.
1
Let x = 83 + 10. Let u = x + -87. Suppose -4*k - 12 = 0, -p - 458 = -u*p + k. Calculate the greatest common divisor of p and 13.
13
Suppose -249*t + 176*t + 641816 = 0. Calculate the greatest common factor of t and 56.
56
Suppose 4*t - 28 = -16. Suppose t*g - 2*b + 26 = 114, 4*b = -2*g + 80. Calculate the greatest common divisor of 416 and g.
32
Let o(u) = 2*u**2 + 5*u + 13. Let g = -195 + 186. Let r be o(g). What is the highest common divisor of r and 78?
26
Suppose 60 = -1361*c + 1363*c + 3*v, -c + 17 = -5*v. Suppose a - 5*a + 24 = 0. What is the greatest common divisor of a and c?
3
Suppose 5*q - 35 = 4*n + 35, 0 = -5*n. Let d = -12881 - -12884. What is the highest common factor of q and d?
1
Let h(o) = -12*o. Let t be h(-6). Let x = t + -64. Suppose 0 = -4*s - 3*p + 35 + 5, -5*p = -4*s + x. What is the highest common factor of 7 and s?
7
Let b = 49 + 29. Suppose 4*a - 2*x = 3 + 9, 0 = -4*a - x + 24. Suppose 6*y - b = a*y. Calculate the highest common factor of 26 and y.
26
Let i(r) = -21*r**3 + r - 1. Let a be i(-2). Suppose 3*k = -5*l + 6*l + 41, 3*k - 61 = -4*l. What is the highest common factor of a and k?
15
Let x = 78 + -77. Let o be 9 - -2 - (x - (-5 + 2)). Calculate the highest common divisor of 1 and o.
1
Let r(p) = -24*p + 367. Let f be r(2). Calculate the highest common divisor of 143 and f.
11
Suppose 2*f - 5*h - 31 = 2, 0 = -3*f - 4*h + 38. What is the highest common factor of f and 763?
7
Suppose v + 0*s + 4*s = 11783, 5*v - 58965 = 5*s. Calculate the greatest common factor of v and 65.
13
Suppose 266 = -21*s + 28*s. Calculate the highest common factor of 399 and s.
19
Let u = -2706 - -2859. What is the greatest common factor of 36 and u?
9
Let q = 5925 - 3879. Suppose -7*c = 24*c - q. Let p = 333 + -234. Calculate the greatest common divisor of p and c.
33
Let q be 11/(44/24) - -18. What is the highest common divisor of 6144 and q?
24
Suppose -5*i = -5*t - 120, 63 = 3*i - 680*t + 678*t. Let k(r) = 10*r**2 - 3*r + 1. Let h be k(2). Calculate the highest common factor of i and h.
5
Let w(u) = -5*u**2 + 1220*u + 533. Let t be w(244). Let s = 62 + 20. What is the greatest common factor of t and s?
41
Suppose 22267 = 127*h - 14563. Calculate the highest common divisor of h and 1102.
58
Suppose -h = -13*h + 9 + 3. Calculate the greatest common divisor of 277 and h.
1
Suppose -41*w + 524054 = -419240 - 407041. What is the highest common factor of 35 and w?
35
Let z(m) = 3*m**3 - m**2. Let y be 7/(-28) - 10/(-8). Let g be z(y). Let u be -32*(g + 16/(-4)). What is the greatest common divisor of 16 and u?
16
Let m(o) = o**2 - 3*o - 87. Let w be ((-32)/10 - -2)/((-6)/(-45)). Let n be m(w). Calculate the highest common factor of 7 and n.
7
Let t be (-128)/(-10)*710/142. What is the greatest common factor of 4064 and t?
32
Let s(f) = -27*f - 4. Let r be s(-12). Let v(d) = 3*d - 23. Let m be v(10). Suppose -a - m*a + r = 0. Calculate the greatest common factor of 60 and a.
20
Suppose -4*d + 1702 = 3*o - 6*d, 3*d = o - 558. What is the highest common factor of o and 1520?
190
Suppose 265*a = 270*a - 60. Let q(x) = 11*x + 33. Suppose 3*k - 3*s - 60 = -2*k, -4*s - 29 = -k. Let o be q(k). Calculate the highest common factor of a and o.
12
Suppose 11202 = 6*u + 5*q, 801*u - 2*q + 3732 = 803*u. Calculate the highest common divisor of u and 72.
72
Let k be -68 - -64 - -1*73*3. Suppose 13*h + k - 761 = 0. Suppose 2*a + 3 = 45. What is the greatest common factor of a and h?
21
Suppose 4*l - 282 = -2*h, -1891*h - 4*l = -1890*h - 147. What is the greatest common factor of h and 495?
45
Let b = 11312 - 11193. Let m be (34/4)/(1/6). Calculate the greatest common divisor of m and b.
17
Let n(l) = 14*l**2 + 20*l + 95. Suppose -m + 18*c = 14*c + 18, -m - 2*c - 6 = 0. Let g be n(m). What is the highest common factor of g and 35?
35
Let m(l) = l**3 + 3*l**2 - 4*l + 5. Let f be m(-4). Suppose 16 = f*g + 3*g. Let s be 6 - 1 - (g - -2). Calculate the greatest common divisor of s and 9.
1
Let d be (((-24)/(-1))/(224/(-16)))/((-1)/7). What is the highest common divisor of 4464 and d?
12
Suppose 70 = 4*z + 5*v + 5, -z + 14 = 2*v. Suppose -2844 = -71*u + 2481. Calculate the highest common factor of u and z.
5
Suppose -253*i = -284*i + 248. Suppose -t + 3*t - 272 = 0. Calculate the greatest common factor of t and i.
8
Suppose -12*o + 28*o - 672 = 0. Let j be 4/(-16) - (-113)/4. What is the greatest common divisor of j and o?
14
Suppose 0 = -22*l + 58*l - 10080. What is the highest common divisor of 140 and l?
140
Let b(q) = -21*q**2 - 26*q - 20. Let h(a) = a**2 - a - 1. Let u(s) = -b(s) - 3*h(s). Let t be u(-4). What is the highest common factor of 260 and t?
65
Let d = 164 + -158. Let z(p) = 7*p**2 - 32*p - 24. Let k be z(d). Suppose -4*u + 108 - 12 = 0. Calculate the greatest common divisor of k and u.
12
Let q be (-2 - 3)*16/((-224)/154). What is the highest common factor of q and 121?
11
Suppose -14*u - 3*u = 2516. Let z = u + 174. What is the highest common divisor of 130 and z?
26
Let k(z) = -z**3 - 23*z**2 - 10*z. Let r be k(-18). Let d be 6/21 - r/56. Suppose 2*l - 34 = 96. What is the greatest common factor of l and d?
13
Suppose -5*g = -20, -7*w + 9*w = 3*g + 70. Let q = w - 34. Calculate the highest common factor of q and 21.
7
Suppose 0 = -2*b + 497 - 475. Suppose 4 - 169 = -b*m. What is the highest common divisor of m and 255?
15
Suppose -d + 16 = -5*l, -5*l + 10*l = -2*d - 13. Let c be 0/(d - (-2)/(-1)) - -35. Let j = -22 + c. Calculate the highest common factor of j and 52.
13
Let h(w) = -w**3 + 4*w**2 + 11*w + 5. Let n be h(4). Let q = 31 + n. What is the highest common factor of q and 360?
40
Let c(u) = 10*u + 3. Let y be c(-1). Let n be (-4 + y - -12)*(22 + 1). Let j = 371 + -187. Calculate the highest common factor of j and n.
23
Let w be 10/(-3) + 4 + 201053/321. Suppose -5*z + 2*d = -247 - 30, -d = -3*z + 167. What is the greatest common factor of z and w?
57
Let q be (-1)/((-2)/(-2 + 40)). Suppose 1215 = 9*p + 197 - 350. What is the greatest common factor of q and p?
19
Suppose 949 - 13 = 13*z. Calculate the greatest common factor of 536 and z.
8
Let w = 14126 - 14058. Calculate the highest common divisor of 8636 and w.
68
Let n(j) = -j**3 - j**2 + 1. Let z be n(-2). Let p(y) = y**2 - 31*y + 139. Let m be p(z). Calculate the highest common divisor of m and 567.
9
Let x(z) = 80*z**2 + 7*z + 20. Let y be x(-4). What is the highest common factor of 72 and y?
24
Suppose -316 - 269 = -45*u. Suppose 23*m - 870 = u*m. What is the highest common factor of m and 116?
29
Let f = -4992 - -5118. What is the highest common divisor of 270 and f?
18
Let r be (-416)/(-8) + (4 + 0)*1. Let c be 16/r*7 + 0/1. Suppose 0 = 5*y + c*f - 70, -y - 3*f + 0*f = -1. Calculate the greatest common divisor of y and 16.
16
Suppose 5*i - 672 = 918. Let j = i - 7